 -k**2 + 4*k + 10. Let w(g) = -g**2 + 3*g + 8. Let l(m) = m + 2. Let b be l(-5). Let v(u) = b*j(u) + s*w(u). Determine v(-2).
-2
Let n(h) = -8*h + 9. Let r(z) = 14*z - 17. Let g(s) = 11*n(s) + 6*r(s). Let a(c) = -3*c - 2. Let l(m) = 7*a(m) - 4*g(m). Give l(-2).
8
Suppose -3*h + 40 = -2*g, -4*g = -5*h + 2*h + 32. Suppose 0 = 4*a + 16, -a + 5*a = 2*x - h. Let k(f) = -f + 6. Determine k(x).
6
Let t(l) be the first derivative of -l**4/4 - l**3 + 2*l**2 - 14*l - 5751. Give t(-6).
70
Let b(w) = 9*w - 1363. Let o be b(152). Let t(c) be the second derivative of 3*c + 1/20*c**o - 1/4*c**4 + 6 - c**2 - 1/6*c**3. Calculate t(3).
-5
Let q = 20 + -15. Let t(u) be the third derivative of -u**6/120 + u**5/15 + u**4/6 + u**3/3 - 679*u**2. What is t(q)?
-3
Let y = -9238 + 9237. Let c(x) = x**2 - 15*x - 15. Determine c(y).
1
Let r(v) = -7*v**3 + 6*v**2 - 15*v - 2. Let i(l) = -19*l**3 + 19*l**2 - 38*l - 6. Let m(z) = -3*i(z) + 8*r(z). Give m(8).
-110
Let q(l) = 24*l**2 + 1. Let y(o) = 409*o**2 - 34*o - 10. Let c(a) = 17*q(a) - y(a). Calculate c(35).
-8
Let r(i) be the first derivative of i**3/3 + 2*i**2 - 6*i + 537. Suppose -k - 2*k - 13 = 2*o, 2*k = -4*o - 22. Calculate r(o).
-1
Let c(l) = l**3 - 26*l**2 - 40*l + 357. Let w be c(27). Let f(b) be the second derivative of -b + 0 - 1/3*b**3 + 4*b**2. Calculate f(w).
-4
Suppose 126 + 415 = -y. Let i = -369 - y. Let k(z) = -86*z + 4 + i*z - 87*z. Calculate k(5).
-1
Let c = -19 + 21. Let s(i) = 1 + 0*i**2 - 4*i**2 - 3*i**2 + 4*i - 3*i**c + 9*i**2. Determine s(2).
5
Let b(d) = 177*d. Let z be b(0). Let h(n) be the first derivative of z*n - 1/4*n**4 + 29 + 5/3*n**3 + 3*n**2. Determine h(6).
0
Let t be -1*1*(-32)/(-2). Let g be 9/12 - (-12)/t. Let k(h) = -2*h - 76 + 0*h + 83 - h**2 + h. What is k(g)?
7
Let v(b) = 3*b - 681 + 2071 - 684 - 3*b**2 - 690. Give v(5).
-44
Let g(t) = t**2 - 2*t + 2*t**2 + 1 + t + 7*t**2. Suppose 0 = -5*x + 3*k + 110, 5*x + 4*k + 35 = 145. Let a be (-6 - 5)*(-2)/x. Calculate g(a).
10
Let b be -4 + ((-30978)/(-15) - 3/15). Let a(j) = -2062*j - 1 + 5 + b*j. Calculate a(0).
4
Let l(y) = y + 6. Suppose 6*a - 91 - 83 = 0. Suppose -j - 6 = 2*p + j, -3*p + 2*j - a = 0. Calculate l(p).
-1
Let z(n) be the second derivative of n**3/6 + n**2/2 - n. Suppose -i = -m, 20*i + 72 = 6*m + 23*i. Determine z(m).
9
Let r(x) = -3*x**3 - 10*x**2 + x - 1. Let i be r(-5). Let q(w) = -63 + 2*w + i - 63. Give q(7).
7
Let h be (72/1344 + (-9)/(-24))*-21. Let x(w) = w**2 + 2*w + 1. Calculate x(h).
64
Let g(b) = -b**3 + 3*b**2 - b - 2. Let p(w) = 2*w**2 - 18*w - 16. Let q be p(10). Suppose -5*u + 4*z = 0, 2*z = 3*z. Let x be (3 - u) + (3 - q). What is g(x)?
0
Let c(v) = 1082*v. Let d(r) = -216*r - 1. Let q(g) = -c(g) - 5*d(g). Let w be 2*(4 - (0 + 0)). What is q(w)?
-11
Let y(z) be the third derivative of 1/6*z**3 + 3*z**2 + 0 + 0*z**4 + 1/60*z**5 - 5*z. Determine y(0).
1
Let v be -2 + (3 + 1)*1. Let u(k) = -2*k + 1 + 286*k**v - 276*k**2 + 4*k. Let d(h) = h + 4. Let s be d(-5). What is u(s)?
9
Let b = -120 - -215. Suppose 0 = 91*t - b*t - 12. Let q(c) = -c**3 - 3*c**2 - c - 3. Calculate q(t).
0
Let n(i) = -i - 38. Let a(v) = -v - 18. Let l(p) = -13*a(p) + 6*n(p). What is l(3)?
27
Let h = -63 + 57. Let a(w) = -11*w**3 - 8*w + 2. Let x(t) = -31*t**3 - 23*t + 5. Let j(p) = h*x(p) + 17*a(p). Calculate j(3).
-17
Let r(m) = -7*m**3 - 15*m**2 - 2*m - 8. Let g(q) = -5*q**3 - 14*q**2 - q - 6. Let y(t) = -3*g(t) + 2*r(t). What is y(-12)?
14
Let n(a) = -12*a**2 - 56*a + 16. Let w be (20/(-8))/(36/60*10/12). Give n(w).
-4
Suppose 2*n = -61 + 71. Let a = 81 + -77. Let z(b) = 2 - a*b - 3 + n + 3*b. Give z(-2).
6
Suppose -16*w = -22*w + 504. Let n be 24/w + 1*(-46)/14. Let g(v) be the third derivative of v**5/60 + v**4/24 - v**3/6 + 9*v**2. Give g(n).
5
Let v be -11 - (-6)/(-60)*0. Let b(q) = q**2 + 13*q - 14. Calculate b(v).
-36
Let a(b) = -b - 2*b - 3*b + 9*b - 4*b. Let p(w) = w**2 + 10*w + 4. Let f(j) = -4*a(j) - p(j). Suppose n + 3 = -1. Calculate f(n).
4
Let f(r) be the first derivative of 2*r**2 + 1. Let h(o) = 4*o**3 + 207*o**2 + 1260*o + 50. Let i be h(-7). What is f(i)?
4
Suppose -5*x + 111 = 6. Let u be (6/(-10))/(x/70). Let c(g) = 2*g**2 + g - 6. Let b(t) = 3*t**2 + t - 11. Let k(l) = -3*b(l) + 5*c(l). Calculate k(u).
3
Let y(f) = -4*f + 9. Let x(b) = -b + 5. Let m(h) = h**3 - 3*h**2 - 2*h + 2. Let j be m(2). Let v(z) = j*y(z) + 11*x(z). What is v(-1)?
-12
Let n(u) be the first derivative of u**4/12 + 5*u**3/3 - 4*u**2 + u - 40. Let r(x) be the first derivative of n(x). Determine r(-9).
-17
Let f(r) = 479*r - 41 - 171*r - 133*r + 42 - 142*r. Give f(2).
67
Let c(g) = -g**2 + 11*g - 28. Let p be c(7). Suppose p = 8*i - 4 + 20. Let j(w) = -w**3 - w**2 + w + 2. Calculate j(i).
4
Let q(y) = -6*y**2 + 3*y. Let k(r) = 2*r**2 - r. Let i(z) = 7*k(z) + 2*q(z). Suppose -118*h + 85 = -33. Give i(h).
1
Let a(o) be the third derivative of -13*o**5/60 + 11*o**4/8 - 11*o**3/2 + 2*o**2 - 2*o - 679. Determine a(1).
-13
Let u(o) = 5*o + 1. Let b be u(1). Let n(h) = -h**2 + 640 + 0*h + 2*h - 634. Let d(k) = -k. Let x(w) = 3*d(w) - n(w). Calculate x(b).
0
Let z(l) = 4*l**2 + 2*l**2 + l**2 - 5*l**2 - l + 9 - 3*l**2. Let y(v) be the first derivative of -v**2 + 8*v + 4. Let d be y(4). Determine z(d).
9
Let f(j) = j**3 - 7*j**2 + 8*j - 6. Suppose -8*a + 4*a + 12 = -4*x, 5*x = -4*a + 30. Let d be -6*(7 - 40/a). Calculate f(d).
6
Let s(a) = 290*a - a**2 + 192*a - 460*a + 27. Determine s(23).
4
Let x = 108 - 108. Suppose -5*z - 40 - 15 = x. Let s(j) = -j**3 - 12*j**2 - 12*j - 5. Give s(z).
6
Let k(g) = -2*g**3 - g + 2. Suppose -8*i - 20*i = 84. What is k(i)?
59
Let z(v) = v**3 - v - 2. Let a be z(-2). Let p(f) be the third derivative of f**5/60 + 7*f**4/24 - 11*f**3/6 + 5201*f**2 + 2*f. Give p(a).
-3
Let r(a) be the first derivative of a**4/4 - a**3 - 5*a**2/2 - 3*a - 425. Calculate r(5).
22
Let a(b) = -25*b**3 - 24*b**2 + 28*b + 8. Let w(k) = -33*k**3 - 28*k**2 + 28*k + 9. Let d(r) = 4*a(r) - 3*w(r). Determine d(-14).
5
Let d(m) be the second derivative of -26*m - 1/12*m**4 - 1/20*m**5 + 0*m**3 - 4*m**2 - 3. What is d(0)?
-8
Suppose 25 + 143 = -28*j. Let x(r) = r + 46. What is x(j)?
40
Let i = -3809 - -3810. Let h(n) = 56*n**3 - 3*n + 2. Give h(i).
55
Suppose -3*t = 5*k - 43, -k - 3*k = t - 26. Suppose -5*n - t = -46. Let q be n/(-12) + (-76)/12. Let d(z) = -z**3 - 8*z**2 - 7*z - 5. Calculate d(q).
-5
Suppose -2*u - y = 726, -2*u + 4*y + 174 - 880 = 0. Let k = u - -359. Let a(l) = -9*l - 3*l - 3 + l. Determine a(k).
19
Suppose 3*w = 3 - 15. Let h be ((-7)/14)/(1/w). Let d(o) = o - 3 - h - 1 + 3. Give d(3).
0
Let a be (-2)/1*-9*(-36)/(-54). Let r be 16/a*(-27)/(-36). Let v(o) = 7*o + 2. Determine v(r).
9
Let k = 525 + -519. Let a(v) = 4*v - 40. Give a(k).
-16
Let a(s) = -s**2 + 8*s + 11. Let x be 9 - (-2 + (4 - 2)). What is a(x)?
2
Let l be (-1)/(-3) + (-20)/6. Suppose -12*m + 23*m - 33 = 0. Let n(v) = -m*v**2 + 4*v**2 - 4*v + 1 - 11*v + 11*v - 2*v**2. Give n(l).
4
Let y = 40 + -37. Let o(a) = 0 - a**2 + 0*a + 4*a + y + 2. Let m = 432 - 426. Give o(m).
-7
Let q(x) = x**2 - 9*x**2 + 7*x**2 + 16 + 0*x**2. Let r be q(4). Let i(w) = 4 - w**2 + 3 - 3 + 3. What is i(r)?
7
Let n(w) = -w**3 + 9*w**2 + 14*w - 4. Let r(p) = -p**3 + 8*p**2 + 13*p - 5. Let y(d) = 3*n(d) - 4*r(d). Suppose -891996*v + 108 = -891978*v. Calculate y(v).
-16
Let d(w) = -5*w - 105. Let l be 8352/(-87)*(-7)/(-28). What is d(l)?
15
Let w(l) = -l**3 + 6*l**2 - 4*l + 12. Let m = 4693 - 4687. Determine w(m).
-12
Let s(m) = 0 + 8*m + m**2 - 1 + 0. Let k(f) = 14*f + 28 - 2*f - 10*f - 7*f + 124. Let a be k(32). Give s(a).
-1
Let t(g) = -5*g - 10. Let x(f) = 4*f + 6. Let i(k) = -3*t(k) - 4*x(k). What is i(3)?
3
Let b be (-960)/(-84) + 6/(-14). Let z = -12 + 18. Let y(u) = -u**2 - 20*u + b*u + 12*u + z. Calculate y(5).
-4
Let t = -9114 + 9116. Let r(p) = 7*p**2 + 5*p - 6. Let m(a) = -a**2 - a + 1. Let q(f) = 6*m(f) + r(f). Calculate q(t).
2
Let m(b) = -3*b**2 + 2*b + 16. Suppose 92*o + 230 + 109 = -21*o. Determine m(o).
-17
Let i = -29591/6 - -4932. Let n(g) be the second derivative of 0 + 1/12*g**4 - 3*g**2 + 17*g - i*g**3. Determine n(0).
-6
Let s(b) be the first derivative of -b**4/2 + b**3/3 - b**2/2 - b - 23. Let z(d) = -11*d - 133. Let m be z(-12). Determine s(m).
3
Let o = -17 - -24. Sup